 greatest common divisor of 196 and 63994.
98
Calculate the highest common divisor of 2262 and 22958.
26
Calculate the highest common factor of 10720 and 8375.
335
What is the greatest common factor of 286 and 574145?
143
Calculate the highest common factor of 156560 and 1558.
38
Calculate the greatest common divisor of 2207961 and 7.
7
Calculate the greatest common divisor of 495 and 54585.
45
Calculate the greatest common factor of 63407 and 70905.
163
What is the greatest common divisor of 9864 and 162?
18
What is the highest common divisor of 15 and 31287?
3
Calculate the greatest common divisor of 335583 and 1215.
243
Calculate the greatest common factor of 1878 and 363.
3
What is the greatest common divisor of 11726 and 14641?
11
Calculate the highest common factor of 420570 and 240.
30
What is the highest common divisor of 4 and 16061?
1
Calculate the highest common divisor of 96195 and 318.
159
What is the greatest common divisor of 67505 and 69?
23
Calculate the highest common factor of 448 and 8008.
56
Calculate the greatest common divisor of 1537387 and 2246.
1123
What is the greatest common factor of 32 and 1238?
2
What is the greatest common divisor of 11911435 and 229?
229
What is the highest common factor of 13107 and 102?
51
Calculate the greatest common divisor of 413658 and 54.
18
What is the greatest common divisor of 140 and 201820?
20
What is the highest common divisor of 28 and 2328669?
7
What is the highest common divisor of 650965 and 7?
7
Calculate the greatest common divisor of 10 and 714750.
10
Calculate the highest common factor of 438810 and 330.
30
Calculate the highest common divisor of 855094 and 58.
58
What is the greatest common divisor of 15433 and 176?
11
What is the greatest common factor of 5814 and 4864?
38
What is the greatest common factor of 123 and 1654?
1
What is the highest common factor of 196 and 367255?
49
What is the highest common divisor of 47148 and 12?
12
What is the greatest common factor of 396 and 56331?
99
What is the highest common factor of 535 and 205?
5
What is the greatest common divisor of 19036 and 312?
4
Calculate the highest common divisor of 242019 and 9.
9
Calculate the highest common factor of 5933 and 23749.
17
Calculate the highest common divisor of 20 and 6.
2
What is the highest common factor of 320 and 497472?
64
What is the greatest common factor of 349 and 680899?
349
What is the greatest common factor of 189 and 68334?
21
What is the highest common divisor of 157665 and 345?
345
Calculate the highest common divisor of 574983 and 261.
261
Calculate the greatest common factor of 263309 and 179.
179
Calculate the greatest common factor of 133 and 3648.
19
Calculate the highest common factor of 296 and 13955068.
148
What is the highest common divisor of 1490 and 13559?
149
Calculate the highest common factor of 476222 and 248.
62
What is the highest common divisor of 170898 and 2457?
273
Calculate the greatest common divisor of 18 and 4812.
6
What is the greatest common divisor of 2123 and 13317?
193
Calculate the greatest common divisor of 73475 and 625.
25
What is the greatest common factor of 6233 and 95121?
271
What is the greatest common factor of 1094 and 176681?
547
Calculate the highest common factor of 309100 and 17600.
1100
What is the highest common factor of 205678 and 22?
22
What is the greatest common divisor of 4711 and 973?
7
Calculate the highest common divisor of 3790 and 4.
2
Calculate the highest common divisor of 1360 and 72880.
80
What is the greatest common factor of 1540840 and 280?
280
What is the highest common divisor of 388 and 214?
2
What is the highest common divisor of 66 and 486651?
33
What is the highest common factor of 2501 and 11895?
61
Calculate the greatest common divisor of 236 and 24426.
118
Calculate the greatest common divisor of 1775344 and 976.
976
Calculate the greatest common factor of 336 and 13503.
21
What is the greatest common factor of 33663 and 12366?
687
Calculate the greatest common factor of 404 and 1126756.
404
What is the greatest common divisor of 1342 and 10355543?
671
Calculate the highest common divisor of 3120990 and 75.
15
What is the greatest common divisor of 1815 and 3855?
15
What is the highest common factor of 16 and 54616?
8
Calculate the highest common divisor of 975 and 16500.
75
Calculate the greatest common factor of 26055 and 2123.
193
What is the highest common divisor of 945 and 28455?
105
Calculate the greatest common divisor of 150 and 73770.
30
Calculate the highest common divisor of 1743 and 68152.
7
What is the greatest common divisor of 17236 and 206415?
139
Calculate the highest common divisor of 181233 and 468.
117
Calculate the highest common factor of 1573 and 7618.
13
What is the greatest common divisor of 2156 and 748?
44
Calculate the greatest common factor of 205 and 140585.
5
What is the greatest common factor of 79288 and 34344?
424
What is the greatest common factor of 74886 and 168?
42
Calculate the greatest common divisor of 48 and 43470.
6
Calculate the greatest common factor of 117135 and 135.
45
Calculate the greatest common divisor of 242 and 334686.
242
Calculate the greatest common factor of 294057 and 351.
27
Calculate the highest common factor of 915 and 1539945.
915
What is the highest common divisor of 3364 and 14036?
116
Calculate the highest common factor of 353 and 20815704.
353
What is the greatest common divisor of 198 and 57951?
9
Calculate the highest common factor of 163835 and 11627.
1057
What is the highest common factor of 478 and 522454?
478
What is the greatest common divisor of 3557 and 9?
1
What is the greatest common factor of 283773 and 9?
3
Calculate the highest common factor of 29381 and 6127.
11
What is the greatest common factor of 11925 and 1219?
53
What is the greatest common divisor of 23496 and 1859121?
2937
Calculate the highest common divisor of 44 and 1182885.
11
What is the greatest common factor of 55298 and 2666?
86
What is the highest common divisor of 52500 and 336?
84
Calculate the greatest common divisor of 66277 and 2082.
347
What is the highest common divisor of 650 and 3619850?
650
What is the highest common divisor of 13144 and 5300?
212
What is the greatest common factor of 899 and 42439?
31
Calculate the greatest common divisor of 2368 and 6364.
148
What is the greatest common factor of 13848 and 16?
8
What is the greatest common divisor of 193 and 97?
1
Calculate the highest common factor of 342 and 110295.
171
Calculate the highest common divisor of 19780 and 43.
43
What is the highest common factor of 148459 and 3069?
31
Calculate the highest common divisor of 3585 and 420.
15
Calculate the greatest common factor of 696 and 10128.
24
Calculate the greatest common factor of 412 and 87756.
412
What is the greatest common factor of 167936 and 384?
128
Calculate the highest common divisor of 53056 and 82.
2
Calculate the highest common divisor of 244 and 29646.
122
Calculate the greatest common divisor of 3844 and 63488.
124
Calculate the greatest common divisor of 17412 and 273.
3
What is the greatest common factor of 330788 and 1476?
164
Calculate the highest common factor of 2 and 55922.
2
What is the greatest common factor of 3520 and 1945?
5
What is the highest common divisor of 7 and 141301?
1
What is the greatest common factor of 1449 and 399?
21
Calculate the greatest common factor of 48248 and 22496.
296
What is the highest common factor of 532 and 6042?
38
What is the highest common factor of 5119522 and 282?
94
Calculate the greatest common factor of 133413 and 42.
21
Calculate the highest common divisor of 1656 and 437922.
18
Calculate the greatest common divisor of 135 and 1696815.
135
Calculate the greatest common factor of 2739 and 886689.
249
Calculate the greatest common factor of 322 and 2758.
14
Calculate the greatest common factor of 109312 and 128.
128
What is the greatest common divisor of 608 and 946048?
608
Calculate the greatest common divisor of 318 and 36994.
106
What is the greatest common divisor of 27 and 13941?
9
What is the greatest common divisor of 37178 and 161532?
1282
What is the greatest common divisor of 195 and 48126?
39
What is the greatest common divisor of 387792 and 576?
144
What i